{"id":809,"date":"2020-02-14T22:51:02","date_gmt":"2020-02-14T21:51:02","guid":{"rendered":"https:\/\/www.eBai.cz\/eshop\/?post_type=product&#038;p=809"},"modified":"2023-07-15T15:45:49","modified_gmt":"2023-07-15T13:45:49","slug":"11dilna-rysovaci-sada-pravitka-uhlomer-kruzitko-v-darkovem-baleni","status":"publish","type":"product","link":"https:\/\/www.eBai.cz\/eshop\/produkt\/11dilna-rysovaci-sada-pravitka-uhlomer-kruzitko-v-darkovem-baleni\/","title":{"rendered":"11d\u00edln\u00e1 r\u00fdsovac\u00ed sada prav\u00edtka \u00fahlom\u011br kru\u017e\u00edtko v d\u00e1rkov\u00e9m balen\u00ed"},"content":{"rendered":"<p>11d\u00edln\u00e1 sada v d\u00e1rkov\u00e9m balen\u00ed plechov\u00e1 krabi\u010dka obsahuj\u00edc\u00ed:<\/p>\n<p>3prav\u00edtka, \u00fahlom\u011br, tu\u017eka, kru\u017e\u00edtko, o\u0159ez\u00e1v\u00e1tko, guma, sada p\u00edsmen a znak\u016f<\/p>\n","protected":false},"excerpt":{"rendered":"<p>11d\u00edln\u00e1 sada v d\u00e1rkov\u00e9m balen\u00ed plechov\u00e1 krabi\u010dka obsahuj\u00edc\u00ed: 3prav\u00edtka, \u00fahlom\u011br, tu\u017eka, kru\u017e\u00edtko, o\u0159ez\u00e1v\u00e1tko, guma, sada p\u00edsmen a znak\u016f<\/p>\n","protected":false},"featured_media":810,"comment_status":"open","ping_status":"closed","template":"","meta":[],"product_brand":[],"product_cat":[29],"product_tag":[],"class_list":{"0":"post-809","1":"product","2":"type-product","3":"status-publish","4":"has-post-thumbnail","6":"product_cat-nastroje","8":"first","9":"instock","10":"sale","11":"taxable","12":"shipping-taxable","13":"purchasable","14":"product-type-simple"},"jetpack_sharing_enabled":true,"_links":{"self":[{"href":"https:\/\/www.eBai.cz\/eshop\/wp-json\/wp\/v2\/product\/809","targetHints":{"allow":["GET"]}}],"collection":[{"href":"https:\/\/www.eBai.cz\/eshop\/wp-json\/wp\/v2\/product"}],"about":[{"href":"https:\/\/www.eBai.cz\/eshop\/wp-json\/wp\/v2\/types\/product"}],"replies":[{"embeddable":true,"href":"https:\/\/www.eBai.cz\/eshop\/wp-json\/wp\/v2\/comments?post=809"}],"wp:featuredmedia":[{"embeddable":true,"href":"https:\/\/www.eBai.cz\/eshop\/wp-json\/wp\/v2\/media\/810"}],"wp:attachment":[{"href":"https:\/\/www.eBai.cz\/eshop\/wp-json\/wp\/v2\/media?parent=809"}],"wp:term":[{"taxonomy":"product_brand","embeddable":true,"href":"https:\/\/www.eBai.cz\/eshop\/wp-json\/wp\/v2\/product_brand?post=809"},{"taxonomy":"product_cat","embeddable":true,"href":"https:\/\/www.eBai.cz\/eshop\/wp-json\/wp\/v2\/product_cat?post=809"},{"taxonomy":"product_tag","embeddable":true,"href":"https:\/\/www.eBai.cz\/eshop\/wp-json\/wp\/v2\/product_tag?post=809"}],"curies":[{"name":"wp","href":"https:\/\/api.w.org\/{rel}","templated":true}]}}