{"id":715,"date":"2020-02-14T09:30:38","date_gmt":"2020-02-14T08:30:38","guid":{"rendered":"https:\/\/www.eBai.cz\/eshop\/?post_type=product&#038;p=715"},"modified":"2021-12-12T12:58:31","modified_gmt":"2021-12-12T11:58:31","slug":"ocnice-musle-pro-fotoaparat-canon-nikon-22mm","status":"publish","type":"product","link":"https:\/\/www.eBai.cz\/eshop\/produkt\/ocnice-musle-pro-fotoaparat-canon-nikon-22mm\/","title":{"rendered":"O\u010dnice mu\u0161le pro fotoapar\u00e1t CANON NIKON (22mm)"},"content":{"rendered":"<p>Bezvadn\u011b padne na oko (o\u010dnice je z gumy, \u017e\u00e1dn\u00fd tvrd\u00fd plast), je oto\u010dn\u00e1 o 360\u00b0 jak p\u0159i focen\u00ed horizont\u00e1ln\u011b tak i vertik\u00e1ln\u011b. Oko nen\u00ed ru\u0161eno okol\u00edm a m\u016f\u017eete se soust\u0159edit na kompozici.<\/p>\n<p>Padne na v\u0161echny zrcadlovky CANON, kter\u00e9 maj\u00ed 22mm<br \/>\nEOS D30\/60 50D<br \/>\nEOS 3\/5\/3033\/55<br \/>\nEOS 50E\/50D<br \/>\nOlympus E-300, Leica<\/p>\n","protected":false},"excerpt":{"rendered":"<p>Bezvadn\u011b padne na oko (o\u010dnice je z gumy, \u017e\u00e1dn\u00fd tvrd\u00fd plast), je oto\u010dn\u00e1 o 360\u00b0 jak p\u0159i focen\u00ed horizont\u00e1ln\u011b tak i vertik\u00e1ln\u011b. Oko nen\u00ed ru\u0161eno okol\u00edm a m\u016f\u017eete se soust\u0159edit na kompozici. Padne na v\u0161echny zrcadlovky CANON, kter\u00e9 maj\u00ed 22mm EOS D30\/60 50D EOS 3\/5\/3033\/55 EOS 50E\/50D Olympus E-300, Leica<\/p>\n","protected":false},"featured_media":716,"comment_status":"open","ping_status":"closed","template":"","meta":[],"product_brand":[],"product_cat":[38],"product_tag":[],"class_list":{"0":"post-715","1":"product","2":"type-product","3":"status-publish","4":"has-post-thumbnail","6":"product_cat-pro-foto","8":"first","9":"instock","10":"sale","11":"taxable","12":"shipping-taxable","13":"purchasable","14":"product-type-simple"},"jetpack_sharing_enabled":true,"_links":{"self":[{"href":"https:\/\/www.eBai.cz\/eshop\/wp-json\/wp\/v2\/product\/715","targetHints":{"allow":["GET"]}}],"collection":[{"href":"https:\/\/www.eBai.cz\/eshop\/wp-json\/wp\/v2\/product"}],"about":[{"href":"https:\/\/www.eBai.cz\/eshop\/wp-json\/wp\/v2\/types\/product"}],"replies":[{"embeddable":true,"href":"https:\/\/www.eBai.cz\/eshop\/wp-json\/wp\/v2\/comments?post=715"}],"wp:featuredmedia":[{"embeddable":true,"href":"https:\/\/www.eBai.cz\/eshop\/wp-json\/wp\/v2\/media\/716"}],"wp:attachment":[{"href":"https:\/\/www.eBai.cz\/eshop\/wp-json\/wp\/v2\/media?parent=715"}],"wp:term":[{"taxonomy":"product_brand","embeddable":true,"href":"https:\/\/www.eBai.cz\/eshop\/wp-json\/wp\/v2\/product_brand?post=715"},{"taxonomy":"product_cat","embeddable":true,"href":"https:\/\/www.eBai.cz\/eshop\/wp-json\/wp\/v2\/product_cat?post=715"},{"taxonomy":"product_tag","embeddable":true,"href":"https:\/\/www.eBai.cz\/eshop\/wp-json\/wp\/v2\/product_tag?post=715"}],"curies":[{"name":"wp","href":"https:\/\/api.w.org\/{rel}","templated":true}]}}