{"id":670,"date":"2020-02-13T22:51:01","date_gmt":"2020-02-13T21:51:01","guid":{"rendered":"https:\/\/www.eBai.cz\/eshop\/?post_type=product&#038;p=670"},"modified":"2025-03-01T23:26:27","modified_gmt":"2025-03-01T22:26:27","slug":"led-svetlo-s-detekci-pohybu-pir","status":"publish","type":"product","link":"https:\/\/www.eBai.cz\/eshop\/produkt\/led-svetlo-s-detekci-pohybu-pir\/","title":{"rendered":"LED sv\u011btlo s detekc\u00ed pohybu PIR"},"content":{"rendered":"<p>LED sv\u011btlo s detekc\u00ed pohybu PIR<br \/>\nna 3 AAA 1,5V baterie<\/p>\n","protected":false},"excerpt":{"rendered":"<p>LED sv\u011btlo s detekc\u00ed pohybu PIR na 3 AAA 1,5V baterie<\/p>\n","protected":false},"featured_media":671,"comment_status":"open","ping_status":"closed","template":"","meta":[],"product_brand":[],"product_cat":[17],"product_tag":[],"class_list":{"0":"post-670","1":"product","2":"type-product","3":"status-publish","4":"has-post-thumbnail","6":"product_cat-elektronika","8":"first","9":"instock","10":"sale","11":"taxable","12":"shipping-taxable","13":"purchasable","14":"product-type-simple"},"jetpack_sharing_enabled":true,"_links":{"self":[{"href":"https:\/\/www.eBai.cz\/eshop\/wp-json\/wp\/v2\/product\/670","targetHints":{"allow":["GET"]}}],"collection":[{"href":"https:\/\/www.eBai.cz\/eshop\/wp-json\/wp\/v2\/product"}],"about":[{"href":"https:\/\/www.eBai.cz\/eshop\/wp-json\/wp\/v2\/types\/product"}],"replies":[{"embeddable":true,"href":"https:\/\/www.eBai.cz\/eshop\/wp-json\/wp\/v2\/comments?post=670"}],"wp:featuredmedia":[{"embeddable":true,"href":"https:\/\/www.eBai.cz\/eshop\/wp-json\/wp\/v2\/media\/671"}],"wp:attachment":[{"href":"https:\/\/www.eBai.cz\/eshop\/wp-json\/wp\/v2\/media?parent=670"}],"wp:term":[{"taxonomy":"product_brand","embeddable":true,"href":"https:\/\/www.eBai.cz\/eshop\/wp-json\/wp\/v2\/product_brand?post=670"},{"taxonomy":"product_cat","embeddable":true,"href":"https:\/\/www.eBai.cz\/eshop\/wp-json\/wp\/v2\/product_cat?post=670"},{"taxonomy":"product_tag","embeddable":true,"href":"https:\/\/www.eBai.cz\/eshop\/wp-json\/wp\/v2\/product_tag?post=670"}],"curies":[{"name":"wp","href":"https:\/\/api.w.org\/{rel}","templated":true}]}}