{"id":602,"date":"2020-02-13T20:57:12","date_gmt":"2020-02-13T19:57:12","guid":{"rendered":"https:\/\/www.eBai.cz\/eshop\/?post_type=product&#038;p=602"},"modified":"2020-02-13T20:57:13","modified_gmt":"2020-02-13T19:57:13","slug":"digitalni-lcd-vlkomer-teplomer-hodiny-budik-vnitrni-pokoje","status":"publish","type":"product","link":"https:\/\/www.eBai.cz\/eshop\/produkt\/digitalni-lcd-vlkomer-teplomer-hodiny-budik-vnitrni-pokoje\/","title":{"rendered":"Digit\u00e1ln\u00ed LCD vlkom\u011br, teplom\u011br, hodiny, bud\u00edk vnit\u0159n\u00ed pokoje"},"content":{"rendered":"<p>Digit\u00e1ln\u00ed LCD vlkom\u011br, teplom\u011br, hodiny, bud\u00edk vnit\u0159n\u00ed pokoje<\/p>\n<p>Stylov\u00e1 digit\u00e1ln\u00ed stanice, teplota, vlhkost, hodiny, bud\u00edk<\/p>\n<p>Parametry:<br \/>\nJednotky: \u00b0C\/\u00b0F<br \/>\nHodiny(12\/24H)-bud\u00edk-kalend\u00e1\u0159<br \/>\nPam\u011b\u0165 MIN a MAX<br \/>\nmo\u017enost pov\u011bsit na ze\u010f nebo pomoc\u00ed stojanu postavit na st\u016fl<br \/>\nTeplota rozsah: -50C~70\u00b0C<br \/>\nVlkom\u011br rozsah: 20~99procent R.H<br \/>\nBaterie: 1,5V AAA (nen\u00ed sou\u010d\u00e1st\u00ed balen\u00ed)<br \/>\nVelikost: 100\u00d7100\u00d720mm<br \/>\nV\u00e1ha: 115g<\/p>\n","protected":false},"excerpt":{"rendered":"<p>Digit\u00e1ln\u00ed LCD vlkom\u011br, teplom\u011br, hodiny, bud\u00edk vnit\u0159n\u00ed pokoje Stylov\u00e1 digit\u00e1ln\u00ed stanice, teplota, vlhkost, hodiny, bud\u00edk Parametry: Jednotky: \u00b0C\/\u00b0F Hodiny(12\/24H)-bud\u00edk-kalend\u00e1\u0159 Pam\u011b\u0165 MIN a MAX mo\u017enost pov\u011bsit na ze\u010f nebo pomoc\u00ed stojanu postavit na st\u016fl Teplota rozsah: -50C~70\u00b0C Vlkom\u011br rozsah: 20~99procent R.H Baterie: 1,5V AAA (nen\u00ed sou\u010d\u00e1st\u00ed balen\u00ed) Velikost: 100\u00d7100\u00d720mm V\u00e1ha: 115g<\/p>\n","protected":false},"featured_media":603,"comment_status":"open","ping_status":"closed","template":"","meta":[],"product_brand":[],"product_cat":[37],"product_tag":[],"class_list":{"0":"post-602","1":"product","2":"type-product","3":"status-publish","4":"has-post-thumbnail","6":"product_cat-teplomery","8":"first","9":"instock","10":"sale","11":"taxable","12":"shipping-taxable","13":"purchasable","14":"product-type-simple"},"jetpack_sharing_enabled":true,"_links":{"self":[{"href":"https:\/\/www.eBai.cz\/eshop\/wp-json\/wp\/v2\/product\/602","targetHints":{"allow":["GET"]}}],"collection":[{"href":"https:\/\/www.eBai.cz\/eshop\/wp-json\/wp\/v2\/product"}],"about":[{"href":"https:\/\/www.eBai.cz\/eshop\/wp-json\/wp\/v2\/types\/product"}],"replies":[{"embeddable":true,"href":"https:\/\/www.eBai.cz\/eshop\/wp-json\/wp\/v2\/comments?post=602"}],"wp:featuredmedia":[{"embeddable":true,"href":"https:\/\/www.eBai.cz\/eshop\/wp-json\/wp\/v2\/media\/603"}],"wp:attachment":[{"href":"https:\/\/www.eBai.cz\/eshop\/wp-json\/wp\/v2\/media?parent=602"}],"wp:term":[{"taxonomy":"product_brand","embeddable":true,"href":"https:\/\/www.eBai.cz\/eshop\/wp-json\/wp\/v2\/product_brand?post=602"},{"taxonomy":"product_cat","embeddable":true,"href":"https:\/\/www.eBai.cz\/eshop\/wp-json\/wp\/v2\/product_cat?post=602"},{"taxonomy":"product_tag","embeddable":true,"href":"https:\/\/www.eBai.cz\/eshop\/wp-json\/wp\/v2\/product_tag?post=602"}],"curies":[{"name":"wp","href":"https:\/\/api.w.org\/{rel}","templated":true}]}}