{"id":601,"date":"2020-02-13T20:49:59","date_gmt":"2020-02-13T19:49:59","guid":{"rendered":"https:\/\/www.eBai.cz\/eshop\/?post_type=product&#038;p=601"},"modified":"2020-02-13T20:51:04","modified_gmt":"2020-02-13T19:51:04","slug":"digitalni-lcd-teplomer-a-vlhkomer-hranaty-bily","status":"publish","type":"product","link":"https:\/\/www.eBai.cz\/eshop\/produkt\/digitalni-lcd-teplomer-a-vlhkomer-hranaty-bily\/","title":{"rendered":"Digit\u00e1ln\u00ed LCD teplom\u011br a vlhkom\u011br hranat\u00fd B\u00cdL\u00dd"},"content":{"rendered":"<p>Teplom\u011br a vlhkom\u011br m\u00e1 osazen\u00ed tud\u00ed\u017e lze vlo\u017eit do za\u0159\u00edzen\u00ed a vystupuj\u00ed jen 2mm, velikost otvoru 45\u00d725mm<\/p>\n<p>Vyu\u017eit\u00ed dom\u00e1cnost, automobil, zahrada, ter\u00e1rium, venkovn\u00ed i vnit\u0159n\u00ed, lednice<\/p>\n","protected":false},"excerpt":{"rendered":"<p>Teplom\u011br a vlhkom\u011br m\u00e1 osazen\u00ed tud\u00ed\u017e lze vlo\u017eit do za\u0159\u00edzen\u00ed a vystupuj\u00ed jen 2mm, velikost otvoru 45\u00d725mm Vyu\u017eit\u00ed dom\u00e1cnost, automobil, zahrada, ter\u00e1rium, venkovn\u00ed i vnit\u0159n\u00ed, lednice<\/p>\n","protected":false},"featured_media":599,"comment_status":"open","ping_status":"closed","template":"","meta":[],"product_brand":[],"product_cat":[37],"product_tag":[],"class_list":{"0":"post-601","1":"product","2":"type-product","3":"status-publish","4":"has-post-thumbnail","6":"product_cat-teplomery","8":"first","9":"instock","10":"taxable","11":"shipping-taxable","12":"purchasable","13":"product-type-simple"},"jetpack_sharing_enabled":true,"_links":{"self":[{"href":"https:\/\/www.eBai.cz\/eshop\/wp-json\/wp\/v2\/product\/601","targetHints":{"allow":["GET"]}}],"collection":[{"href":"https:\/\/www.eBai.cz\/eshop\/wp-json\/wp\/v2\/product"}],"about":[{"href":"https:\/\/www.eBai.cz\/eshop\/wp-json\/wp\/v2\/types\/product"}],"replies":[{"embeddable":true,"href":"https:\/\/www.eBai.cz\/eshop\/wp-json\/wp\/v2\/comments?post=601"}],"wp:featuredmedia":[{"embeddable":true,"href":"https:\/\/www.eBai.cz\/eshop\/wp-json\/wp\/v2\/media\/599"}],"wp:attachment":[{"href":"https:\/\/www.eBai.cz\/eshop\/wp-json\/wp\/v2\/media?parent=601"}],"wp:term":[{"taxonomy":"product_brand","embeddable":true,"href":"https:\/\/www.eBai.cz\/eshop\/wp-json\/wp\/v2\/product_brand?post=601"},{"taxonomy":"product_cat","embeddable":true,"href":"https:\/\/www.eBai.cz\/eshop\/wp-json\/wp\/v2\/product_cat?post=601"},{"taxonomy":"product_tag","embeddable":true,"href":"https:\/\/www.eBai.cz\/eshop\/wp-json\/wp\/v2\/product_tag?post=601"}],"curies":[{"name":"wp","href":"https:\/\/api.w.org\/{rel}","templated":true}]}}