{"id":578,"date":"2020-02-13T19:11:10","date_gmt":"2020-02-13T18:11:10","guid":{"rendered":"https:\/\/www.eBai.cz\/eshop\/?post_type=product&#038;p=578"},"modified":"2023-12-21T19:26:08","modified_gmt":"2023-12-21T18:26:08","slug":"ovladac-ve-tvaru-klice-davajici-elektro-soky-privesek-na-klice","status":"publish","type":"product","link":"https:\/\/www.eBai.cz\/eshop\/produkt\/ovladac-ve-tvaru-klice-davajici-elektro-soky-privesek-na-klice\/","title":{"rendered":"Ovlada\u010d ve tvaru kl\u00ed\u010de d\u00e1vaj\u00edc\u00ed elektro \u0161oky p\u0159\u00edv\u011b\u0161ek na kl\u00ed\u010de"},"content":{"rendered":"<p>D\u00e1lkov\u00fd ovlada\u010d na auto ve tvaru kl\u00ed\u010de a p\u0159i zm\u00e1\u010dknut\u00ed d\u00e1vaj\u00edc\u00ed elektro \u0161oky p\u0159\u00edv\u011b\u0161ek na kl\u00ed\u010de, bezva d\u00e1rek k narozenin\u00e1m nebo pro nenechavce, co si r\u00e1di hraj\u00ed s ciz\u00edmi kl\u00ed\u010di&#8230;<\/p>\n<p>Za\u017eijete spoustu srandy&#8230;<\/p>\n","protected":false},"excerpt":{"rendered":"<p>D\u00e1lkov\u00fd ovlada\u010d na auto ve tvaru kl\u00ed\u010de a p\u0159i zm\u00e1\u010dknut\u00ed d\u00e1vaj\u00edc\u00ed elektro \u0161oky p\u0159\u00edv\u011b\u0161ek na kl\u00ed\u010de, bezva d\u00e1rek k narozenin\u00e1m nebo pro nenechavce, co si r\u00e1di hraj\u00ed s ciz\u00edmi kl\u00ed\u010di&#8230; Za\u017eijete spoustu srandy&#8230;<\/p>\n","protected":false},"featured_media":579,"comment_status":"open","ping_status":"closed","template":"","meta":[],"product_brand":[],"product_cat":[36],"product_tag":[],"class_list":{"0":"post-578","1":"product","2":"type-product","3":"status-publish","4":"has-post-thumbnail","6":"product_cat-klicenky","8":"first","9":"instock","10":"taxable","11":"shipping-taxable","12":"purchasable","13":"product-type-simple"},"jetpack_sharing_enabled":true,"_links":{"self":[{"href":"https:\/\/www.eBai.cz\/eshop\/wp-json\/wp\/v2\/product\/578","targetHints":{"allow":["GET"]}}],"collection":[{"href":"https:\/\/www.eBai.cz\/eshop\/wp-json\/wp\/v2\/product"}],"about":[{"href":"https:\/\/www.eBai.cz\/eshop\/wp-json\/wp\/v2\/types\/product"}],"replies":[{"embeddable":true,"href":"https:\/\/www.eBai.cz\/eshop\/wp-json\/wp\/v2\/comments?post=578"}],"wp:featuredmedia":[{"embeddable":true,"href":"https:\/\/www.eBai.cz\/eshop\/wp-json\/wp\/v2\/media\/579"}],"wp:attachment":[{"href":"https:\/\/www.eBai.cz\/eshop\/wp-json\/wp\/v2\/media?parent=578"}],"wp:term":[{"taxonomy":"product_brand","embeddable":true,"href":"https:\/\/www.eBai.cz\/eshop\/wp-json\/wp\/v2\/product_brand?post=578"},{"taxonomy":"product_cat","embeddable":true,"href":"https:\/\/www.eBai.cz\/eshop\/wp-json\/wp\/v2\/product_cat?post=578"},{"taxonomy":"product_tag","embeddable":true,"href":"https:\/\/www.eBai.cz\/eshop\/wp-json\/wp\/v2\/product_tag?post=578"}],"curies":[{"name":"wp","href":"https:\/\/api.w.org\/{rel}","templated":true}]}}