{"id":556,"date":"2020-02-13T18:28:59","date_gmt":"2020-02-13T17:28:59","guid":{"rendered":"https:\/\/www.eBai.cz\/eshop\/?post_type=product&#038;p=556"},"modified":"2025-03-01T23:54:50","modified_gmt":"2025-03-01T22:54:50","slug":"mys-dell-ms116","status":"publish","type":"product","link":"https:\/\/www.eBai.cz\/eshop\/produkt\/mys-dell-ms116\/","title":{"rendered":"My\u0161 Dell MS116 (570-AAIS) \u010dern\u00e1"},"content":{"rendered":"<p>dr\u00e1tov\u00e1 my\u0161 \u2022 optick\u00fd senzor \u2022 citlivost 1 000 DPI \u2022 3 tla\u010d\u00edtka (v\u010detn\u011b scrollovac\u00edho kole\u010dka) \u2022 USB \u2022 d\u00e9lka kabelu 1,8 m \u2022 pro prav\u00e1ky i lev\u00e1ky \u2022 rozm\u011bry 114 \u00d7 61 \u00d7 36 mm \u2022 v\u00e1ha 86 g<\/p>\n","protected":false},"excerpt":{"rendered":"<p>dr\u00e1tov\u00e1 my\u0161 \u2022 optick\u00fd senzor \u2022 citlivost 1 000 DPI \u2022 3 tla\u010d\u00edtka (v\u010detn\u011b scrollovac\u00edho kole\u010dka) \u2022 USB \u2022 d\u00e9lka kabelu 1,8 m \u2022 pro prav\u00e1ky i lev\u00e1ky \u2022 rozm\u011bry 114 \u00d7 61 \u00d7 36 mm \u2022 v\u00e1ha 86 g<\/p>\n","protected":false},"featured_media":13479,"comment_status":"open","ping_status":"closed","template":"","meta":[],"product_brand":[],"product_cat":[27],"product_tag":[],"class_list":{"0":"post-556","1":"product","2":"type-product","3":"status-publish","4":"has-post-thumbnail","6":"product_cat-pocitace","8":"first","9":"instock","10":"taxable","11":"shipping-taxable","12":"purchasable","13":"product-type-simple"},"jetpack_sharing_enabled":true,"_links":{"self":[{"href":"https:\/\/www.eBai.cz\/eshop\/wp-json\/wp\/v2\/product\/556","targetHints":{"allow":["GET"]}}],"collection":[{"href":"https:\/\/www.eBai.cz\/eshop\/wp-json\/wp\/v2\/product"}],"about":[{"href":"https:\/\/www.eBai.cz\/eshop\/wp-json\/wp\/v2\/types\/product"}],"replies":[{"embeddable":true,"href":"https:\/\/www.eBai.cz\/eshop\/wp-json\/wp\/v2\/comments?post=556"}],"wp:featuredmedia":[{"embeddable":true,"href":"https:\/\/www.eBai.cz\/eshop\/wp-json\/wp\/v2\/media\/13479"}],"wp:attachment":[{"href":"https:\/\/www.eBai.cz\/eshop\/wp-json\/wp\/v2\/media?parent=556"}],"wp:term":[{"taxonomy":"product_brand","embeddable":true,"href":"https:\/\/www.eBai.cz\/eshop\/wp-json\/wp\/v2\/product_brand?post=556"},{"taxonomy":"product_cat","embeddable":true,"href":"https:\/\/www.eBai.cz\/eshop\/wp-json\/wp\/v2\/product_cat?post=556"},{"taxonomy":"product_tag","embeddable":true,"href":"https:\/\/www.eBai.cz\/eshop\/wp-json\/wp\/v2\/product_tag?post=556"}],"curies":[{"name":"wp","href":"https:\/\/api.w.org\/{rel}","templated":true}]}}