{"id":528,"date":"2020-02-13T12:56:21","date_gmt":"2020-02-13T11:56:21","guid":{"rendered":"https:\/\/www.eBai.cz\/eshop\/?post_type=product&#038;p=528"},"modified":"2024-09-06T20:49:55","modified_gmt":"2024-09-06T18:49:55","slug":"usb-tester-meri-proud-i-napeti","status":"publish","type":"product","link":"https:\/\/www.eBai.cz\/eshop\/produkt\/usb-tester-meri-proud-i-napeti\/","title":{"rendered":"USB tester m\u011b\u0159\u00ed proud i nap\u011bt\u00ed"},"content":{"rendered":"<p>Tester na USB<\/p>\n<p>Po p\u0159ipojen\u00ed zji\u0161\u0165uje stav nap\u011bt\u00ed (3,5-7,0V) a proud (0-3A)<\/p>\n","protected":false},"excerpt":{"rendered":"<p>Tester na USB Po p\u0159ipojen\u00ed zji\u0161\u0165uje stav nap\u011bt\u00ed (3,5-7,0V) a proud (0-3A)<\/p>\n","protected":false},"featured_media":529,"comment_status":"open","ping_status":"closed","template":"","meta":[],"product_brand":[],"product_cat":[27],"product_tag":[],"class_list":{"0":"post-528","1":"product","2":"type-product","3":"status-publish","4":"has-post-thumbnail","6":"product_cat-pocitace","8":"first","9":"instock","10":"taxable","11":"shipping-taxable","12":"purchasable","13":"product-type-simple"},"jetpack_sharing_enabled":true,"_links":{"self":[{"href":"https:\/\/www.eBai.cz\/eshop\/wp-json\/wp\/v2\/product\/528","targetHints":{"allow":["GET"]}}],"collection":[{"href":"https:\/\/www.eBai.cz\/eshop\/wp-json\/wp\/v2\/product"}],"about":[{"href":"https:\/\/www.eBai.cz\/eshop\/wp-json\/wp\/v2\/types\/product"}],"replies":[{"embeddable":true,"href":"https:\/\/www.eBai.cz\/eshop\/wp-json\/wp\/v2\/comments?post=528"}],"wp:featuredmedia":[{"embeddable":true,"href":"https:\/\/www.eBai.cz\/eshop\/wp-json\/wp\/v2\/media\/529"}],"wp:attachment":[{"href":"https:\/\/www.eBai.cz\/eshop\/wp-json\/wp\/v2\/media?parent=528"}],"wp:term":[{"taxonomy":"product_brand","embeddable":true,"href":"https:\/\/www.eBai.cz\/eshop\/wp-json\/wp\/v2\/product_brand?post=528"},{"taxonomy":"product_cat","embeddable":true,"href":"https:\/\/www.eBai.cz\/eshop\/wp-json\/wp\/v2\/product_cat?post=528"},{"taxonomy":"product_tag","embeddable":true,"href":"https:\/\/www.eBai.cz\/eshop\/wp-json\/wp\/v2\/product_tag?post=528"}],"curies":[{"name":"wp","href":"https:\/\/api.w.org\/{rel}","templated":true}]}}