{"id":459,"date":"2020-02-12T23:37:08","date_gmt":"2020-02-12T22:37:08","guid":{"rendered":"https:\/\/www.eBai.cz\/eshop\/?post_type=product&#038;p=459"},"modified":"2021-10-18T10:10:05","modified_gmt":"2021-10-18T08:10:05","slug":"zamek-na-kotoucovou-brzdu-pro-motorku-skutr-kolo","status":"publish","type":"product","link":"https:\/\/www.eBai.cz\/eshop\/produkt\/zamek-na-kotoucovou-brzdu-pro-motorku-skutr-kolo\/","title":{"rendered":"Z\u00e1mek na kotou\u010dovou brzdu pro motorku sk\u016ftr kolo"},"content":{"rendered":"<p>Z\u00e1mek na kotou\u010dovou brzdu pro motorku sk\u016ftr kolo<\/p>\n<p>R\u016fzn\u00e9 barvy \u010dern\u00e1, \u010derven\u00e1, modr\u00e1<\/p>\n","protected":false},"excerpt":{"rendered":"<p>Z\u00e1mek na kotou\u010dovou brzdu pro motorku sk\u016ftr kolo R\u016fzn\u00e9 barvy \u010dern\u00e1, \u010derven\u00e1, modr\u00e1<\/p>\n","protected":false},"featured_media":460,"comment_status":"open","ping_status":"closed","template":"","meta":[],"product_brand":[],"product_cat":[34,28],"product_tag":[],"class_list":{"0":"post-459","1":"product","2":"type-product","3":"status-publish","4":"has-post-thumbnail","6":"product_cat-pro-motorku","7":"product_cat-pro-sport","9":"first","10":"instock","11":"taxable","12":"shipping-taxable","13":"purchasable","14":"product-type-simple"},"jetpack_sharing_enabled":true,"_links":{"self":[{"href":"https:\/\/www.eBai.cz\/eshop\/wp-json\/wp\/v2\/product\/459","targetHints":{"allow":["GET"]}}],"collection":[{"href":"https:\/\/www.eBai.cz\/eshop\/wp-json\/wp\/v2\/product"}],"about":[{"href":"https:\/\/www.eBai.cz\/eshop\/wp-json\/wp\/v2\/types\/product"}],"replies":[{"embeddable":true,"href":"https:\/\/www.eBai.cz\/eshop\/wp-json\/wp\/v2\/comments?post=459"}],"wp:featuredmedia":[{"embeddable":true,"href":"https:\/\/www.eBai.cz\/eshop\/wp-json\/wp\/v2\/media\/460"}],"wp:attachment":[{"href":"https:\/\/www.eBai.cz\/eshop\/wp-json\/wp\/v2\/media?parent=459"}],"wp:term":[{"taxonomy":"product_brand","embeddable":true,"href":"https:\/\/www.eBai.cz\/eshop\/wp-json\/wp\/v2\/product_brand?post=459"},{"taxonomy":"product_cat","embeddable":true,"href":"https:\/\/www.eBai.cz\/eshop\/wp-json\/wp\/v2\/product_cat?post=459"},{"taxonomy":"product_tag","embeddable":true,"href":"https:\/\/www.eBai.cz\/eshop\/wp-json\/wp\/v2\/product_tag?post=459"}],"curies":[{"name":"wp","href":"https:\/\/api.w.org\/{rel}","templated":true}]}}