{"id":303,"date":"2020-02-11T22:49:08","date_gmt":"2020-02-11T21:49:08","guid":{"rendered":"https:\/\/www.eBai.cz\/eshop\/?post_type=product&#038;p=303"},"modified":"2021-12-01T20:06:41","modified_gmt":"2021-12-01T19:06:41","slug":"solarni-panel-s-usb-5v-10w","status":"publish","type":"product","link":"https:\/\/www.eBai.cz\/eshop\/produkt\/solarni-panel-s-usb-5v-10w\/","title":{"rendered":"Sol\u00e1rn\u00ed panel s USB 5V 10W"},"content":{"rendered":"<p>Sol\u00e1rn\u00ed panel s USB 5V 10W<br \/>\nvelikost: 260\u00d7140\u00d73mm<\/p>\n<p>Mo\u017enost um\u00edstit za sklo na gelov\u00e9 p\u0159\u00edsavky<\/p>\n","protected":false},"excerpt":{"rendered":"<p>Sol\u00e1rn\u00ed panel s USB 5V 10W velikost: 260\u00d7140\u00d73mm Mo\u017enost um\u00edstit za sklo na gelov\u00e9 p\u0159\u00edsavky<\/p>\n","protected":false},"featured_media":299,"comment_status":"open","ping_status":"closed","template":"","meta":[],"product_brand":[],"product_cat":[19],"product_tag":[],"class_list":{"0":"post-303","1":"product","2":"type-product","3":"status-publish","4":"has-post-thumbnail","6":"product_cat-survival","8":"first","9":"outofstock","10":"taxable","11":"shipping-taxable","12":"purchasable","13":"product-type-simple"},"jetpack_sharing_enabled":true,"_links":{"self":[{"href":"https:\/\/www.eBai.cz\/eshop\/wp-json\/wp\/v2\/product\/303","targetHints":{"allow":["GET"]}}],"collection":[{"href":"https:\/\/www.eBai.cz\/eshop\/wp-json\/wp\/v2\/product"}],"about":[{"href":"https:\/\/www.eBai.cz\/eshop\/wp-json\/wp\/v2\/types\/product"}],"replies":[{"embeddable":true,"href":"https:\/\/www.eBai.cz\/eshop\/wp-json\/wp\/v2\/comments?post=303"}],"wp:featuredmedia":[{"embeddable":true,"href":"https:\/\/www.eBai.cz\/eshop\/wp-json\/wp\/v2\/media\/299"}],"wp:attachment":[{"href":"https:\/\/www.eBai.cz\/eshop\/wp-json\/wp\/v2\/media?parent=303"}],"wp:term":[{"taxonomy":"product_brand","embeddable":true,"href":"https:\/\/www.eBai.cz\/eshop\/wp-json\/wp\/v2\/product_brand?post=303"},{"taxonomy":"product_cat","embeddable":true,"href":"https:\/\/www.eBai.cz\/eshop\/wp-json\/wp\/v2\/product_cat?post=303"},{"taxonomy":"product_tag","embeddable":true,"href":"https:\/\/www.eBai.cz\/eshop\/wp-json\/wp\/v2\/product_tag?post=303"}],"curies":[{"name":"wp","href":"https:\/\/api.w.org\/{rel}","templated":true}]}}