{"id":296,"date":"2020-02-11T22:45:16","date_gmt":"2020-02-11T21:45:16","guid":{"rendered":"https:\/\/www.eBai.cz\/eshop\/?post_type=product&#038;p=296"},"modified":"2021-12-01T20:06:59","modified_gmt":"2021-12-01T19:06:59","slug":"solarni-panel-s-usb-6v-35w","status":"publish","type":"product","link":"https:\/\/www.eBai.cz\/eshop\/produkt\/solarni-panel-s-usb-6v-35w\/","title":{"rendered":"Sol\u00e1rn\u00ed panel s USB 6V 3,5W"},"content":{"rendered":"<p>Sol\u00e1rn\u00ed panel s USB 6V 3,5W<br \/>\nvelikost: 165\u00d7135\u00d72mm<\/p>\n","protected":false},"excerpt":{"rendered":"<p>Sol\u00e1rn\u00ed panel s USB 6V 3,5W velikost: 165\u00d7135\u00d72mm<\/p>\n","protected":false},"featured_media":300,"comment_status":"open","ping_status":"closed","template":"","meta":[],"product_brand":[],"product_cat":[29,19],"product_tag":[],"class_list":{"0":"post-296","1":"product","2":"type-product","3":"status-publish","4":"has-post-thumbnail","6":"product_cat-nastroje","7":"product_cat-survival","9":"first","10":"outofstock","11":"taxable","12":"shipping-taxable","13":"purchasable","14":"product-type-simple"},"jetpack_sharing_enabled":true,"_links":{"self":[{"href":"https:\/\/www.eBai.cz\/eshop\/wp-json\/wp\/v2\/product\/296","targetHints":{"allow":["GET"]}}],"collection":[{"href":"https:\/\/www.eBai.cz\/eshop\/wp-json\/wp\/v2\/product"}],"about":[{"href":"https:\/\/www.eBai.cz\/eshop\/wp-json\/wp\/v2\/types\/product"}],"replies":[{"embeddable":true,"href":"https:\/\/www.eBai.cz\/eshop\/wp-json\/wp\/v2\/comments?post=296"}],"wp:featuredmedia":[{"embeddable":true,"href":"https:\/\/www.eBai.cz\/eshop\/wp-json\/wp\/v2\/media\/300"}],"wp:attachment":[{"href":"https:\/\/www.eBai.cz\/eshop\/wp-json\/wp\/v2\/media?parent=296"}],"wp:term":[{"taxonomy":"product_brand","embeddable":true,"href":"https:\/\/www.eBai.cz\/eshop\/wp-json\/wp\/v2\/product_brand?post=296"},{"taxonomy":"product_cat","embeddable":true,"href":"https:\/\/www.eBai.cz\/eshop\/wp-json\/wp\/v2\/product_cat?post=296"},{"taxonomy":"product_tag","embeddable":true,"href":"https:\/\/www.eBai.cz\/eshop\/wp-json\/wp\/v2\/product_tag?post=296"}],"curies":[{"name":"wp","href":"https:\/\/api.w.org\/{rel}","templated":true}]}}