{"id":193,"date":"2020-02-10T23:58:13","date_gmt":"2020-02-10T22:58:13","guid":{"rendered":"https:\/\/www.eBai.cz\/eshop\/?post_type=product&#038;p=193"},"modified":"2022-11-12T16:02:53","modified_gmt":"2022-11-12T15:02:53","slug":"opravna-sada-na-notebook-tablet-mobil-25-nastroju","status":"publish","type":"product","link":"https:\/\/www.eBai.cz\/eshop\/produkt\/opravna-sada-na-notebook-tablet-mobil-25-nastroju\/","title":{"rendered":"Opravn\u00e1 sada na Notebook Tablet Mobil 25 n\u00e1stroj\u016f"},"content":{"rendered":"<p>Opravn\u00e1 sada na Notebook Tablet Mobil 25 n\u00e1stroj\u016f<\/p>\n","protected":false},"excerpt":{"rendered":"<p>Opravn\u00e1 sada na Notebook Tablet Mobil 25 n\u00e1stroj\u016f<\/p>\n","protected":false},"featured_media":194,"comment_status":"open","ping_status":"closed","template":"","meta":[],"product_brand":[],"product_cat":[35,29,27],"product_tag":[],"class_list":{"0":"post-193","1":"product","2":"type-product","3":"status-publish","4":"has-post-thumbnail","6":"product_cat-opravne-sady","7":"product_cat-nastroje","8":"product_cat-pocitace","10":"first","11":"instock","12":"taxable","13":"shipping-taxable","14":"purchasable","15":"product-type-simple"},"jetpack_sharing_enabled":true,"_links":{"self":[{"href":"https:\/\/www.eBai.cz\/eshop\/wp-json\/wp\/v2\/product\/193","targetHints":{"allow":["GET"]}}],"collection":[{"href":"https:\/\/www.eBai.cz\/eshop\/wp-json\/wp\/v2\/product"}],"about":[{"href":"https:\/\/www.eBai.cz\/eshop\/wp-json\/wp\/v2\/types\/product"}],"replies":[{"embeddable":true,"href":"https:\/\/www.eBai.cz\/eshop\/wp-json\/wp\/v2\/comments?post=193"}],"wp:featuredmedia":[{"embeddable":true,"href":"https:\/\/www.eBai.cz\/eshop\/wp-json\/wp\/v2\/media\/194"}],"wp:attachment":[{"href":"https:\/\/www.eBai.cz\/eshop\/wp-json\/wp\/v2\/media?parent=193"}],"wp:term":[{"taxonomy":"product_brand","embeddable":true,"href":"https:\/\/www.eBai.cz\/eshop\/wp-json\/wp\/v2\/product_brand?post=193"},{"taxonomy":"product_cat","embeddable":true,"href":"https:\/\/www.eBai.cz\/eshop\/wp-json\/wp\/v2\/product_cat?post=193"},{"taxonomy":"product_tag","embeddable":true,"href":"https:\/\/www.eBai.cz\/eshop\/wp-json\/wp\/v2\/product_tag?post=193"}],"curies":[{"name":"wp","href":"https:\/\/api.w.org\/{rel}","templated":true}]}}