{"id":139,"date":"2020-02-10T14:03:33","date_gmt":"2020-02-10T13:03:33","guid":{"rendered":"https:\/\/www.eBai.cz\/eshop\/?post_type=product&#038;p=139"},"modified":"2025-03-01T23:27:50","modified_gmt":"2025-03-01T22:27:50","slug":"led-lampa-lampicka-svitilna-usb-flexibilni-s-vypinacem-a-klipem","status":"publish","type":"product","link":"https:\/\/www.eBai.cz\/eshop\/produkt\/led-lampa-lampicka-svitilna-usb-flexibilni-s-vypinacem-a-klipem\/","title":{"rendered":"LED lampa lampi\u010dka sv\u00edtilna USB flexibiln\u00ed s vyp\u00edna\u010dem a klipem"},"content":{"rendered":"<p>LED lampa lampi\u010dka sv\u00edtilna USB flexibiln\u00ed s vyp\u00edna\u010dem a klipem<\/p>\n","protected":false},"excerpt":{"rendered":"<p>LED lampa lampi\u010dka sv\u00edtilna USB flexibiln\u00ed s vyp\u00edna\u010dem a klipem<\/p>\n","protected":false},"featured_media":140,"comment_status":"open","ping_status":"closed","template":"","meta":[],"product_brand":[],"product_cat":[27,17],"product_tag":[],"class_list":{"0":"post-139","1":"product","2":"type-product","3":"status-publish","4":"has-post-thumbnail","6":"product_cat-pocitace","7":"product_cat-elektronika","9":"first","10":"instock","11":"sale","12":"taxable","13":"shipping-taxable","14":"purchasable","15":"product-type-simple"},"jetpack_sharing_enabled":true,"_links":{"self":[{"href":"https:\/\/www.eBai.cz\/eshop\/wp-json\/wp\/v2\/product\/139","targetHints":{"allow":["GET"]}}],"collection":[{"href":"https:\/\/www.eBai.cz\/eshop\/wp-json\/wp\/v2\/product"}],"about":[{"href":"https:\/\/www.eBai.cz\/eshop\/wp-json\/wp\/v2\/types\/product"}],"replies":[{"embeddable":true,"href":"https:\/\/www.eBai.cz\/eshop\/wp-json\/wp\/v2\/comments?post=139"}],"wp:featuredmedia":[{"embeddable":true,"href":"https:\/\/www.eBai.cz\/eshop\/wp-json\/wp\/v2\/media\/140"}],"wp:attachment":[{"href":"https:\/\/www.eBai.cz\/eshop\/wp-json\/wp\/v2\/media?parent=139"}],"wp:term":[{"taxonomy":"product_brand","embeddable":true,"href":"https:\/\/www.eBai.cz\/eshop\/wp-json\/wp\/v2\/product_brand?post=139"},{"taxonomy":"product_cat","embeddable":true,"href":"https:\/\/www.eBai.cz\/eshop\/wp-json\/wp\/v2\/product_cat?post=139"},{"taxonomy":"product_tag","embeddable":true,"href":"https:\/\/www.eBai.cz\/eshop\/wp-json\/wp\/v2\/product_tag?post=139"}],"curies":[{"name":"wp","href":"https:\/\/api.w.org\/{rel}","templated":true}]}}