{"id":13444,"date":"2024-09-15T22:06:45","date_gmt":"2024-09-15T20:06:45","guid":{"rendered":"https:\/\/www.eBai.cz\/eshop\/?post_type=product&#038;p=13444"},"modified":"2026-04-27T23:38:21","modified_gmt":"2026-04-27T21:38:21","slug":"vypousteci-zatka-oleje-skutru-sroubova-zatka-vany-motoru-s-pruzinovym-filtrem","status":"publish","type":"product","link":"https:\/\/www.eBai.cz\/eshop\/produkt\/vypousteci-zatka-oleje-skutru-sroubova-zatka-vany-motoru-s-pruzinovym-filtrem\/","title":{"rendered":"Vypou\u0161t\u011bc\u00ed z\u00e1tka oleje sk\u00fatru \u0160roubov\u00e1 z\u00e1tka vany motoru s pru\u017einov\u00fdm filtrem"},"content":{"rendered":"<p>Vypou\u0161t\u011bc\u00ed z\u00e1tka oleje sk\u00fatru \u0160roubov\u00e1 z\u00e1tka vany motoru s pru\u017einov\u00fdm filtrem<\/p>\n","protected":false},"excerpt":{"rendered":"<p>Vypou\u0161t\u011bc\u00ed z\u00e1tka oleje sk\u00fatru \u0160roubov\u00e1 z\u00e1tka vany motoru s pru\u017einov\u00fdm filtrem<\/p>\n","protected":false},"featured_media":13445,"comment_status":"open","ping_status":"closed","template":"","meta":[],"product_brand":[],"product_cat":[34],"product_tag":[],"class_list":{"0":"post-13444","1":"product","2":"type-product","3":"status-publish","4":"has-post-thumbnail","6":"product_cat-pro-motorku","8":"first","9":"instock","10":"taxable","11":"shipping-taxable","12":"purchasable","13":"product-type-simple"},"jetpack_sharing_enabled":true,"_links":{"self":[{"href":"https:\/\/www.eBai.cz\/eshop\/wp-json\/wp\/v2\/product\/13444","targetHints":{"allow":["GET"]}}],"collection":[{"href":"https:\/\/www.eBai.cz\/eshop\/wp-json\/wp\/v2\/product"}],"about":[{"href":"https:\/\/www.eBai.cz\/eshop\/wp-json\/wp\/v2\/types\/product"}],"replies":[{"embeddable":true,"href":"https:\/\/www.eBai.cz\/eshop\/wp-json\/wp\/v2\/comments?post=13444"}],"wp:featuredmedia":[{"embeddable":true,"href":"https:\/\/www.eBai.cz\/eshop\/wp-json\/wp\/v2\/media\/13445"}],"wp:attachment":[{"href":"https:\/\/www.eBai.cz\/eshop\/wp-json\/wp\/v2\/media?parent=13444"}],"wp:term":[{"taxonomy":"product_brand","embeddable":true,"href":"https:\/\/www.eBai.cz\/eshop\/wp-json\/wp\/v2\/product_brand?post=13444"},{"taxonomy":"product_cat","embeddable":true,"href":"https:\/\/www.eBai.cz\/eshop\/wp-json\/wp\/v2\/product_cat?post=13444"},{"taxonomy":"product_tag","embeddable":true,"href":"https:\/\/www.eBai.cz\/eshop\/wp-json\/wp\/v2\/product_tag?post=13444"}],"curies":[{"name":"wp","href":"https:\/\/api.w.org\/{rel}","templated":true}]}}